t i(z) = -1 + 6*z**2 - 2 + z - 7*z**2. Determine i(j).
-3
Let i(h) = -5*h - 2*h - 7*h + 15*h. Give i(-6).
-6
Let t(z) = z**3 - 5*z**2 - z. Suppose 19 = 6*h + 1. Let o be 4 + -2 + 0 + h. What is t(o)?
-5
Let b(n) = -2 - n - 3 + 1. Suppose 0 = 2*y - y. Give b(y).
-4
Let r = 13 - 25. Let v = -11 - r. Let b(t) = -2*t**2 + t. Give b(v).
-1
Let f(b) be the second derivative of -4*b**3/3 - b**2/2 + 3*b. Let i(n) = 7*n + 1. Let l(z) = -4*f(z) - 5*i(z). Give l(1).
-4
Let j(o) = o**3 - 2*o**2 - 2*o + 3. Let v(f) = 3*f - 18. Let i be v(7). Calculate j(i).
6
Let k = -7 - -11. Let h(i) be the first derivative of -3 + 2*i**2 + 4*i + 1/4*i**4 - 5/3*i**3. What is h(k)?
4
Let k(i) be the first derivative of -1 - 1/3*i**3 - 3*i + i**2 - 1/12*i**4. Let c(z) be the first derivative of k(z). What is c(-3)?
-1
Let m(f) = -4*f + 4. Let q(t) = 9*t - 8. Let x(b) = 7*m(b) + 3*q(b). What is x(6)?
-2
Let c = 5 - 18. Let o(q) = q**2 + 13*q + 2. Calculate o(c).
2
Let v = 0 + 0. Suppose v = 2*n + y + 9, 0*n = 4*n - 2*y - 2. Let k(b) be the first derivative of b**2/2 - b + 9. Give k(n).
-3
Let m(r) = 2*r**2 - 13. Let z(i) = i**2 - 6. Let g(h) = -4*m(h) + 9*z(h). Let u = -25 + 27. Suppose -6 = 3*f + 4*q, 5*f + 5 = -3*q - u*q. Calculate g(f).
2
Let u(o) = 4. Let b(d) be the first derivative of d**2/2 - d + 2. Let p(k) = b(k) + u(k). Give p(-6).
-3
Let s(g) = g**3 + 2*g**2 + 2. Let c = -7 + 5. Calculate s(c).
2
Suppose v = 5*v + 12. Let b(c) = -3*c. Give b(v).
9
Let a be 1*(-2 + (-1 - -8)). Suppose -5 = -2*m - t - 3, 3*m + a*t = 3. Let j(r) be the third derivative of r**5/60 - r**3/6 + 2*r**2. Give j(m).
0
Let b(k) = -6*k**2 - 9*k + 4. Let a(d) = d**2 + 1. Let n(u) = -3*u**2 + u - 5. Let q(w) = 4*a(w) + n(w). Let r(z) = b(z) + 5*q(z). Determine r(-4).
-1
Let l(c) = 5*c**2 - 2*c - 5. Let d(u) = 4*u**2 - u - 4. Let j(t) = 4*d(t) - 3*l(t). Give j(-2).
-1
Suppose -6*h + 5*x = -3*h - 35, -2*h - 4*x + 16 = 0. Let i(v) = -2*v + h - 4 + 3*v. Suppose -6 = 2*z - 2*c, 2*z + 3 = z + 4*c. Calculate i(z).
3
Let c(w) = 101*w + 1 - 99*w + 6*w**3 + 0. Suppose -15 = -4*u + 101. Suppose -4*r + 5*g - u = 0, -r - 4*g + 1 = -18. Determine c(r).
-7
Let z(x) be the third derivative of x**6/120 + x**5/20 - x**4/12 + x**3/2 - 8*x**2. Determine z(-3).
9
Let c(g) = g**3 - 15*g**2 + 2*g + 4. Let b(f) = -f**3 + 14*f**2 - 3*f - 3. Let w(l) = 6*b(l) + 5*c(l). Let n be w(8). Let i(q) = 3*q**2 - 2. Determine i(n).
10
Suppose 32*m = 29*m - 6. Let i(h) = -h - 2. Give i(m).
0
Let z(a) = -2*a - a + 5*a + 3*a. Give z(-1).
-5
Suppose 8*c - 3*c = 20. Let t(r) = -r**2 + 3*r - 2. Give t(c).
-6
Let s(o) = -o + 1. Let g(y) = 2*y + 1. Let d(q) = g(q) - 2*s(q). Give d(1).
3
Let b(a) = 3*a - 1. Let l(j) = 6*j - 2. Let n(p) = 9*b(p) - 4*l(p). Determine n(-1).
-4
Let i(j) = 2*j + 3. Let f(m) = 10*m + 15. Let x(p) = -2*f(p) + 11*i(p). What is x(-5)?
-7
Let r(d) = 6*d**3 - 2*d**2 - 3*d - 1. Let j(z) = -5*z**3 + 3*z**2 + 4*z + 1. Let q(w) = 5*j(w) + 4*r(w). What is q(8)?
1
Let j(g) be the third derivative of -4*g**5/15 + 19*g**4/24 - 8*g**3/3 + 5*g**2. Let n(s) = 5*s**2 - 6*s + 5. Let q(u) = 2*j(u) + 7*n(u). Give q(2).
7
Let u(r) = -r**3 + 7*r**2 + 9*r - 8. Let d be 2/(-4)*-1*2. Let i be d/(-2) - (-17)/2. Let h be u(i). Let l(p) = p**3 - p**2 + p - 5. Calculate l(h).
-5
Let v(o) = -o + 3. Let u = 44 - 40. Give v(u).
-1
Let y(k) = 11 - 6 - 4 - 2*k. Calculate y(5).
-9
Let q(l) = l**3 + 10*l**2 - 9*l - 9. Let k(s) = -s**2 + s + 1. Let f(g) = 6*k(g) + q(g). Determine f(-4).
9
Let a(o) be the first derivative of -o**4/4 + o**3 - o**2/2 - 3*o - 4. Let q = -11 + 14. Calculate a(q).
-6
Let a(j) = j**2 - 6*j - 4. Let v be a(6). Let l(c) = -8 - c**3 - 3*c - 2 + 5 - 4*c**2. What is l(v)?
7
Let g(j) = -j - 2. Suppose 0 = 5*i - 5*b + 25, 5*b = -2*i + 14 - 3. Give g(i).
0
Let v(d) = 6 + 1 + 2 - 3 + d**2 + 6*d. Let c = -7 + 7. Suppose c*r = -r - 5*q + 6, -2*q = -2*r - 12. What is v(r)?
-2
Let h(x) = x**2 - 2. Let p(n) = 3*n**3 + 2*n**2 - n - 1. Let k be p(1). Determine h(k).
7
Let a(z) = -2*z**2 + 4*z + z**2 + 19 - 13. Let b(l) = -l**3 + 5*l**2 + 6. Let h be b(5). Give a(h).
-6
Let r(n) = n**3 - 8*n**2 + 5*n + 16. Let c be r(7). Let z(q) = 4*q - 2. Calculate z(c).
6
Suppose -1 = -2*m + 3. Let j be 2*m/4*-4. Let k(w) be the second derivative of w**4/12 + w**3/2 - 2*w**2 - w. Calculate k(j).
0
Suppose -2 = 5*u - 12. Suppose u*g - 1 = 3*g. Let o(s) = -3 + 3 - 1 - s. Determine o(g).
0
Let k(l) = -5*l + 5. Let q(n) = 2*n - 2. Let f(v) = -3*k(v) - 7*q(v). Calculate f(-4).
-5
Let j(y) = -1 - y + 0 + 2 + 2. Determine j(7).
-4
Let a(q) = q**3 + 0*q**2 + 4*q**2 + 2 + 9*q + 0*q**3 - 7*q. What is a(-4)?
-6
Let m(n) = -6*n**2 + 3*n - 3. Let i(k) = -k**2 + k. Let c(y) = -5*i(y) + m(y). Suppose -5*v - 1 = -5*s + 9, 0 = -4*s + 2*v. Give c(s).
-3
Let a(m) = 5*m - m**2 - 1 + 1. Let p(b) = b**3 - 2*b**2 + b + 2. Let x be p(2). What is a(x)?
4
Let w(i) = 3*i - 8. Let h(b) = -48*b + 129. Let u(j) = -2*h(j) - 33*w(j). Let p(o) = -4*o + 12. Let v be p(2). Determine u(v).
-6
Suppose -18*n + 10*n = 72. Let v(s) = s**2 + 10*s + 4. What is v(n)?
-5
Let s(v) = -4*v - 3. Suppose 0 = 5*m - 12*m - 14. Determine s(m).
5
Let b(f) = -f**2 + 6 + 8 - 6*f + 1 - 20. What is b(-6)?
-5
Let b(p) = 4*p**2 - 5*p**2 + 4 - 2 + 2*p**2. Let j = 9 - 7. What is b(j)?
6
Suppose 2*u + 2*f + 10 = 0, -u + 6*u + f + 9 = 0. Let l be -2 + u + 4 + 5. Let b = -2 + l. Let x(m) = m**2 - 2*m - 3. What is x(b)?
5
Let b(t) = t**3 - 6*t**2 + 4*t + 1. Let p be (-1)/(-3) - 152/(-12). Suppose -p - 7 = -4*i. What is b(i)?
-4
Suppose y + 10 = 2*a, 3*y + 4*a = 6*y + 28. Let p(n) = -n**2 - 8*n + 5. Determine p(y).
5
Suppose -4*c = -3 - 13. Let w(o) = -o**3 - 2*o - 4. Let i(q) = q**2 + q. Let g(h) = c*i(h) + w(h). Give g(4).
4
Suppose -2*t = 2*j - 12, 2*t + 0*t + 4*j = 16. Let c(a) = 3*a - 3. Determine c(t).
9
Suppose 5*s - 8*s = 6. Let n(x) = -x**3 - 2*x**2 - x. Give n(s).
2
Let c = -4 + 6. Let p be (-2)/(-1*2/c). Let d(g) = 1 + 72*g - 36*g - 38*g + g**2. Calculate d(p).
1
Suppose -q - 2*q + 12 = 0. Let j(m) = -3*m**2 + m + 16. Let n(v) = -4*v**2 + v + 17. Let g(s) = q*n(s) - 5*j(s). Determine g(0).
-12
Let h be -1*1/((-1)/6). Let s(b) = -3*b**3 - 6*b**2 + b. Let o(c) = 8*c**3 + 18*c**2 - 3*c + 1. Let l(q) = -4*o(q) - 11*s(q). Give l(h).
2
Let c(n) be the second derivative of n**5/20 + n**4/2 - 3*n**2 - 26*n. Calculate c(-6).
-6
Let k = 11 - 7. Let x(d) = 2*d + 3 - d + 3 - k. Suppose 0 = -2*m + 2 - 4, 5*b + 8 = 2*m. Determine x(b).
0
Suppose 24 = -2*w - x - x, 0 = -5*w + 3*x - 44. Let g(b) = -b**2 - 10*b + 8. Let r be g(w). Let t(p) = p - 6. What is t(r)?
2
Let q be ((-6)/4)/(9/12). Let x(w) = -3*w - 7 + 14 - 6 - 2. What is x(q)?
5
Let q(d) = 0*d**2 + 0 + 1 + 5*d + d**2. Let j(m) = -m**3 + 4*m**2 - 4*m. Let n be j(3). Let r = n + -1. Determine q(r).
-3
Let b(y) = 14*y - 1. Let r be 2/(-4) - 4/8. What is b(r)?
-15
Let a(o) be the third derivative of o**5/60 - 5*o**4/24 + o**3/3 - 5*o**2. Give a(4).
-2
Let f(b) = 2*b**3. Let i(s) = -2*s**3 - s**2 + 1. Let n(v) = 3*f(v) + 2*i(v). What is n(2)?
10
Suppose 4*k + 6 = -6. Let s(b) be the second derivative of b**5/20 + 5*b**4/12 + 2*b**3/3 + b**2/2 - b. Give s(k).
7
Let a(s) = -2*s**2 - 2*s + 4. Let g(u) = u**3 - 9*u**2 - 9*u - 13. Let b be g(10). Calculate a(b).
-8
Let d(j) = -j**3 - 5*j**2 + 6*j + 3. Let k(b) = -b + 3. Let i be k(-6). Let v = i - 15. What is d(v)?
3
Let x(y) = -y**2 - 5*y + 6. Let r(c) = 4*c + 3. Let p be r(-3). Let a = p + 4. Give x(a).
6
Let b(k) = -k**3 + k + 9. Suppose 2*w = -3*f + 6, 3*f + 5*w - 2 - 4 = 0. Suppose -f*p - p - 5 = n, -p = 5*n + 25. Give b(p).
9
Let j(a) be the second derivative of a**5/20 - a**3/6 - 14*a. Calculate j(0).
0
Let f = -76 + 77. Let o(l) = 6*l**3 + l**2 - 2*l + 1. Give o(f).
6
Let a(y) = -2*y**2 + 25*y - 3. Let f(q) = -q**2 + 13*q - 1. Let x(v) = 6*a(v) - 11*f(v). Suppose -25 = -5*m - 0*m. What is x(m)?
3
Let c(m) = m**2 - 4*m - 1. Suppose 0 = 3*z + 5*j - 34, -2*j - 28 = -z - 7*j. Calculate c(z).
-4
Let k(x) be the first derivative of 3*x**4/4 + 7*x**3/3 + 3*x**2/2 - 1. Let b(o) = -4*o**3 - 10*o**2 - 5*o. Let z(h) = -5*b(h) - 7*k(h). What is z(3)?
-6
Let h(m) = -3*m + 2*m - 2 + 1. Suppose 3*n - 2*n + 12 = -3*y, 3*n = 5*y + 34. Suppose -n*w - 3*c + 12 = 0, -5*w + 1 = -4*c + 8. Calculate h(w).
-2
Let l(h) = -h - 11. Le